0)*(-8)/(-16). Calculate the greatest common factor of 77 and l.
11
Let p = 16 + -10. What is the highest common divisor of p and 18?
6
Suppose 0 = -4*x - 291 + 1039. Let d be 16 + (-2)/(-2) + 0. What is the highest common divisor of x and d?
17
Suppose 2*f + 4*t - 50 = 0, -2*f - 3*f = -3*t - 60. Let v(u) = 6*u**2 + 3*u - 3. Let p be v(4). Calculate the greatest common factor of p and f.
15
Suppose 5*y = 2*y + 21. Let v be (56/(-98))/((-2)/49). Calculate the greatest common factor of v and y.
7
Let y(x) = -x**3 - x**2 - 3*x - 1. Let p be y(-2). Let d = 0 + p. Suppose -17 + 5 = -4*s. Calculate the greatest common divisor of d and s.
3
Let j(n) = -n**3 - 7*n**2 + 5*n + 1. Let k be j(-8). Suppose 6*v - 2*v = 100. Calculate the greatest common divisor of v and k.
25
Suppose 10 = 2*x - 2. Calculate the highest common factor of x and 66.
6
Let m(q) = -26*q + 6. Let v = 9 + -12. Let a be m(v). Let d = -18 + 30. What is the highest common factor of d and a?
12
Let s be 1 + (-3)/((-4)/4). What is the greatest common divisor of 32 and s?
4
Let b be 618/9 - 2/3. Let h = b + -39. Suppose -2*k = -h + 9. What is the highest common factor of 40 and k?
10
Suppose 0 = i - 2. Suppose 3*f - 10 - i = 0. Suppose 0 = 2*y - y - 4. Calculate the highest common divisor of y and f.
4
Let w be (-2722)/(-18) - (-46)/(-207). Let c be (-1 + -7)/(4/26). Let n = c + w. What is the greatest common divisor of n and 11?
11
Suppose -7*q - 190 = -12*q. What is the greatest common divisor of 57 and q?
19
Suppose 0 = 4*s - 8 - 64. Suppose s = -4*m + 6*m. What is the greatest common divisor of m and 36?
9
Suppose -34 = r + 4*s - s, -5*s = 0. Let m be (186 - 3)*(-2)/(-6). Let d = m + r. Calculate the highest common divisor of d and 9.
9
Let o(f) = 3*f**2 - 2*f + 1. Let t be o(3). Let g(m) = 2*m**2 + m + 1. Let w be g(3). What is the highest common divisor of w and t?
22
Let k(i) = -i**3 + 30*i**2 + 32*i - 19. Let v be k(31). Suppose 3*m + 7 = -2. Let y = 15 + m. What is the greatest common factor of y and v?
12
Let t(w) = w**2 + 9*w + 13. Let x be t(-16). What is the greatest common divisor of x and 25?
25
Suppose 44 + 10 = 2*g. What is the greatest common divisor of g and 3?
3
Let j be ((-4)/12)/((-2)/18). Let x(d) = 12*d**2 + 5*d - 2. Let n be x(j). Calculate the highest common factor of 11 and n.
11
Suppose -2*g + 209 + 99 = 0. What is the greatest common divisor of g and 14?
14
Let o = 68 - 51. Calculate the greatest common factor of o and 153.
17
Let c(a) = -a**2 + 2*a + 7. Let v be c(0). What is the highest common factor of v and 35?
7
Suppose 64 = b - s, 4*b - s + 2*s - 266 = 0. Let g = -39 + b. Let u be (0 + 3)/(2/12). What is the greatest common divisor of g and u?
9
Let n(b) = b**2 + 4*b + 5. Let w be n(-6). Calculate the highest common divisor of 136 and w.
17
Suppose -4*l + 12 + 4 = 0. Suppose -50 = -9*g + l*g. Let a = 164 + -74. What is the highest common divisor of g and a?
10
Let u(r) = -r**2 + 32*r - 58. Let d be u(30). Calculate the highest common factor of d and 44.
2
Let k = 19 - 11. Let a be (-9)/21 - (-48)/14. Suppose -9 - a = -s + 5*f, 0 = 2*s + 2*f - 72. Calculate the highest common factor of k and s.
8
Let r be (1 - 4)/((-3)/14). Let x(l) be the first derivative of -3*l**2 - 2*l - 4. Let j be x(-5). What is the highest common divisor of r and j?
14
Suppose 2*r = 7*r. Suppose -g + 4 + 1 = r. Suppose 3*m - 29 = -n, -25 = -4*m + m - 5*n. Calculate the highest common factor of g and m.
5
Suppose -w = y - 2, 5*w - 16 = 2*y + 1. Suppose -46 - 23 = -w*o - 3*a, 3*o = 4*a + 34. Calculate the greatest common factor of 45 and o.
9
Let v be 9/(-12) - (-19)/4. Suppose 2*z - v*z + 34 = 0. Calculate the greatest common divisor of 187 and z.
17
Suppose -4*t - t = 3*f - 192, 0 = 2*t + f - 76. What is the greatest common divisor of 6 and t?
6
Let y = -3 + 8. What is the greatest common divisor of y and 35?
5
Suppose 4*b - 5 = -b. Let u be (b/(-1))/(1/(-85)). What is the greatest common factor of u and 34?
17
Suppose -6*u - 45 = -11*u. Let g = 3 + u. What is the highest common divisor of 84 and g?
12
Let q = 14 - -21. Suppose 3*g - 27 + 2 = 4*k, -2*g + 11 = 3*k. What is the greatest common divisor of g and q?
7
Let n = 22 - 1. What is the highest common divisor of n and 21?
21
Let m(g) = 2*g**3 + 2*g**2 + g - 2. Let y be m(2). What is the highest common factor of 60 and y?
12
Let f(z) = 2*z - 3. Let s be f(3). What is the greatest common divisor of 5 and s?
1
Let k(p) = 2*p - 16. Let g be k(0). Let v = g - -24. What is the highest common divisor of v and 64?
8
Let l be (15 + 0 + -1)/1. Let m(j) = -5*j + 4. Let h be m(3). Let q = 18 + h. What is the highest common factor of q and l?
7
Let j(p) = 2*p**2 + 2*p - 1. Let b be j(-2). Suppose b*u = -8 - 4. Let l be (-86)/u - 12/8. What is the highest common factor of l and 4?
4
Let u = -83 + 91. What is the highest common divisor of u and 8?
8
Let g(n) = 9*n**2 - n. Let u be g(-1). Suppose j = -j + u. What is the greatest common divisor of 40 and j?
5
Let w be ((-1)/(-2))/(((-21)/6)/(-7)). Calculate the highest common divisor of 11 and w.
1
Suppose 23 - 15 = y. Suppose 7 = 4*d - 1. Suppose -3*f - d*f + 60 = 0. What is the greatest common factor of f and y?
4
Let d be (-8)/4*18/4. Let x be (d/(-6))/(2/(-4)). Let u(b) = -6*b - 2. Let c be u(x). What is the greatest common factor of c and 40?
8
Suppose 4*m - 12 - 16 = 0. Let y be ((-9)/(-4))/((-1)/(-28)). Calculate the greatest common factor of m and y.
7
Let o be (261/2)/((-17)/(-34)). What is the greatest common factor of 29 and o?
29
Suppose -s = -11 - 10. Calculate the greatest common divisor of 14 and s.
7
Suppose 3*q + 4*f = 34, 6*q + 2*f - 26 = 3*q. Let l be -4*(-3 + -2 - -2). Calculate the highest common factor of q and l.
6
Suppose -3*m = -6*m + 2*a + 1, -4*a = 3*m - 7. Let z be m*4/6*12. Calculate the highest common factor of z and 24.
8
Let c(k) = -k**3 + 16*k**2 + 3*k + 22. Let r = -36 + 52. Let o be c(r). Calculate the highest common divisor of 10 and o.
10
Let n(b) = -b**2 + b + 10. Let g be n(0). Suppose 3*k - v = 355, k - 1 - 139 = -4*v. Suppose -p + 4*p = k. What is the greatest common factor of g and p?
10
Suppose 10*u - 5*u = 35. Let p = 10 - 3. What is the highest common divisor of p and u?
7
Let q(t) = t**2 - 12*t + 135. Let h be q(0). What is the greatest common factor of 30 and h?
15
Suppose -2*o - o - 4*f + 6 = 0, o = -4*f - 6. What is the highest common factor of 15 and o?
3
Let f = -11 - -35. Suppose 0 = 15*k - 11*k - f. Calculate the greatest common factor of 48 and k.
6
Let n(q) be the third derivative of -q**5/60 + 5*q**4/8 - q**3/2 - 2*q**2. Let v be n(9). Calculate the greatest common factor of 17 and v.
17
Let h = 82 - 43. Calculate the highest common factor of h and 273.
39
Let p be (-4)/10 - 165/25. Let t = -2 - p. Let s be 2/(-2) - (-5 - t). What is the highest common divisor of 45 and s?
9
Suppose -4*k = -15 - 1. Suppose 0 = t - 2*z - k, -3*z - 1 = -t + 5. Let v be -2 + 233 + t/(-1). What is the highest common divisor of 21 and v?
21
Let z(q) = q**3 - 12*q**2 + 12*q - 8. Let s be z(11). Calculate the highest common divisor of 2 and s.
1
Let r = 11 - 8. Suppose 0 = u - 2 + r. Let o be (u + 2 - 1) + 3. What is the greatest common divisor of 6 and o?
3
Suppose 2*f + 6*m = 2*m + 18, -4*f + 3*m = -14. Calculate the greatest common divisor of 55 and f.
5
Let h(u) = 14*u**2 + 4*u + 2. Let s be h(-1). What is the highest common factor of s and 60?
12
Suppose 8 = -2*y + 6*y. Let o be 2*y*(-15)/(-12). Suppose x + 3*t = 33, -o*x + 38 = -4*x - 2*t. What is the highest common divisor of x and 9?
9
Suppose 0 = x + 3*x - 12. Let j(y) = -y + 5. Let a be j(x). What is the highest common divisor of a and 18?
2
Let a be -9*((-88)/(-3))/4. Let r be 4/((16/a)/(-4)). Suppose -5*x = -r - 9. What is the greatest common factor of 45 and x?
15
Suppose 8*w + 26 = 10*w. Calculate the greatest common factor of 117 and w.
13
Let k be -4 - (0 - 3) - 15. Let m = -13 - k. Calculate the greatest common factor of m and 21.
3
Let t = -11 + 27. Calculate the highest common divisor of t and 4.
4
Suppose -4*y + 2*y - 20 = 0. Let j = y + 7. Let a be 2/j - 29/(-3). What is the highest common factor of a and 18?
9
Let q be (12/5)/((-6)/(-105)). Suppose 5*w = -t + w + 6, -4*w = -5*t + 30. W